 a factor of 158424128?
False
Does 118 divide 37193128?
True
Does 14 divide 999269485?
False
Is 57524376 a multiple of 2?
True
Is 33030111 a multiple of 399?
False
Does 5 divide 38926294?
False
Is 1145201 a multiple of 2?
False
Is 8 a factor of 7914544?
True
Does 17 divide 676339900?
True
Does 156 divide 631558202?
False
Does 77 divide 862230369?
True
Is 16 a factor of 555242743?
False
Does 34 divide 579752917?
False
Does 114 divide 2508684?
True
Does 116 divide 108615904?
True
Does 3746 divide 1930781815?
False
Is 2170268100 a multiple of 546?
True
Is 2172431177 a multiple of 718?
False
Is 71378944 a multiple of 21?
False
Is 173889936 a multiple of 1104?
True
Is 2758 a factor of 1766576224?
True
Is 757 a factor of 2220437068?
False
Does 6 divide 1482464648?
False
Is 231 a factor of 88586967?
False
Is 3738 a factor of 267509970?
True
Is 287225652 a multiple of 98?
True
Is 2819221790 a multiple of 11?
True
Is 188497762 a multiple of 1006?
False
Is 60 a factor of 15701580?
True
Does 66 divide 2652967954?
False
Is 26 a factor of 422552?
True
Does 64 divide 554541324?
False
Is 45 a factor of 7503153?
False
Is 10 a factor of 523724750?
True
Is 1421208695 a multiple of 1038?
False
Is 32 a factor of 72647840?
True
Is 11 a factor of 15309107?
True
Is 2949608200 a multiple of 175?
True
Is 118 a factor of 93263778?
True
Does 65 divide 372159645?
True
Does 22 divide 15482269?
False
Does 224 divide 129067232?
True
Is 80 a factor of 10947760?
True
Does 13 divide 428860562?
True
Is 13956870 a multiple of 10?
True
Is 1359 a factor of 154020906?
True
Is 95993534 a multiple of 13?
True
Is 1474622893 a multiple of 2563?
False
Does 31 divide 627268384?
True
Does 263 divide 205209851?
False
Does 14 divide 2523731590?
False
Is 142 a factor of 52895994?
True
Is 93232692 a multiple of 21?
True
Is 21 a factor of 23339542?
False
Is 28991307 a multiple of 26?
False
Is 38212074 a multiple of 256?
False
Does 176 divide 428926983?
False
Is 35 a factor of 4672990?
True
Is 330 a factor of 289320240?
True
Is 10457868 a multiple of 177?
True
Is 65 a factor of 124043411?
False
Is 4 a factor of 275248250?
False
Does 451 divide 1440043?
True
Does 25 divide 21074750?
True
Is 5658 a factor of 265409557?
False
Is 89 a factor of 33705769?
False
Does 4 divide 21930367?
False
Is 21852295 a multiple of 56?
False
Does 10 divide 10810660?
True
Is 405446000 a multiple of 50?
True
Does 1470 divide 626597790?
True
Does 526 divide 376160484?
True
Is 4275029898 a multiple of 38?
False
Does 243 divide 566468964?
True
Is 29 a factor of 51622204?
True
Does 32 divide 501294208?
True
Does 1668 divide 123775608?
True
Is 52 a factor of 3402675?
False
Is 138 a factor of 84946234?
False
Does 143 divide 341991364?
True
Does 463 divide 88607551?
True
Does 2713 divide 226527361?
True
Is 1567728 a multiple of 57?
True
Is 2380 a factor of 134836520?
True
Does 106 divide 1750268688?
False
Is 22 a factor of 1758898198?
False
Does 15 divide 1243999080?
True
Is 18528249 a multiple of 45?
False
Does 244 divide 15155084?
True
Is 3182 a factor of 466770346?
False
Is 627 a factor of 476474525?
False
Is 7820 a factor of 1004973007?
False
Does 379 divide 19400252?
True
Does 140 divide 706744028?
False
Does 68 divide 824202207?
False
Does 7793 divide 961032760?
True
Is 11524189 a multiple of 33?
False
Is 48 a factor of 1312742723?
False
Is 99388134 a multiple of 17?
False
Does 308 divide 20599348?
True
Is 39242016 a multiple of 96?
True
Does 4642 divide 4860174?
True
Is 24 a factor of 17747275?
False
Is 16264680 a multiple of 71?
True
Is 416496944 a multiple of 475?
False
Is 57 a factor of 462103713?
False
Is 907352673 a multiple of 3396?
False
Is 559242216 a multiple of 1086?
True
Does 213 divide 9317295?
False
Does 36 divide 1047527609?
False
Is 413426538 a multiple of 18?
True
Does 19 divide 1637449887?
True
Is 1273 a factor of 547284341?
True
Is 3399187 a multiple of 120?
False
Is 90 a factor of 164704230?
True
Is 610768894 a multiple of 963?
False
Does 3506 divide 690801204?
True
Is 54 a factor of 721850926?
False
Is 11 a factor of 2861816353?
True
Is 10193866 a multiple of 121?
False
Is 738 a factor of 12524903?
False
Is 206 a factor of 56560596?
True
Is 3624 a factor of 239941416?
True
Does 151 divide 5217050?
True
Is 187893719 a multiple of 17?
False
Does 8 divide 284304064?
True
Is 8 a factor of 1818528768?
True
Is 99 a factor of 16729635?
False
Is 376 a factor of 20691881?
False
Is 1242713091 a multiple of 7?
False
Is 166 a factor of 30671488?
True
Is 647215659 a multiple of 1723?
True
Does 1159 divide 22066095?
False
Is 4562 a factor of 390931536?
False
Does 2193 divide 7506508?
False
Is 869931693 a multiple of 431?
True
Does 8 divide 61227430?
False
Does 62 divide 1062062717?
False
Is 1018547468 a multiple of 37?
False
Does 64 divide 31058240?
True
Is 24 a factor of 87173313?
False
Is 11030149 a multiple of 13?
True
Is 480251360 a multiple of 17?
True
Is 189018779 a multiple of 13?
False
Is 65 a factor of 34471970?
True
Does 139 divide 728160693?
False
Is 109 a factor of 1302737700?
False
Does 1417 divide 7144514?
True
Is 4516 a factor of 1864865312?
False
Does 47 divide 8153471?
False
Is 17640424 a multiple of 136?
True
Is 26993671 a multiple of 2924?
False
Is 79 a factor of 13413949?
False
Is 430 a factor of 1659371720?
True
Does 602 divide 3375956914?
False
Is 4558960433 a multiple of 33?
False
Is 182 a factor of 715892086?
True
Does 444 divide 13381948?
False
Does 599 divide 78250365?
True
Does 5839 divide 819470567?
False
Is 11967375 a multiple of 141?
True
Is 1070814284 a multiple of 2433?
False
Is 102296427 a multiple of 2778?
False
Does 19 divide 546887318?
False
Does 593 divide 13452218?
False
Does 27 divide 1799821991?
False
Is 14960512 a multiple of 14?
True
Is 15 a factor of 7737195?
True
Is 74 a factor of 730676?
True
Is 15821315 a multiple of 515?
True
Is 1851 a factor of 5153184?
True
Is 50 a factor of 2408756350?
True
Does 1229 divide 247275036?
False
Is 34483894 a multiple of 634?
True
Does 24 divide 1917271200?
True
Does 163 divide 889627431?
True
Does 497 divide 59800531?
True
Does 4 divide 83337229?
False
Is 181100495 a multiple of 26?
False
Is 62549660 a multiple of 497?
False
Is 6749 a factor of 3614852137?
True
Is 13 a factor of 30753892?
True
Does 113 divide 142272763?
True
Does 19 divide 275890133?
False
Is 4917328 a multiple of 4?
True
Is 378 a factor of 27089139?
False
Does 897 divide 230093058?
True
Does 190 divide 14080334?
False
Is 36623818 a multiple of 154?
True
Is 108244035 a multiple of 1095?
True
Does 2193 divide 1494173794?
False
Does 8 divide 934408732?
False
Does 150 divide 5607300?
True
Is 18 a factor of 48210850?
False
Is 126690432 a multiple of 2112?
True
Is 10 a factor of 7557650?
True
Is 60959886 a multiple of 39?
True
Is 2649258990 a multiple of 630?
True
Does 28 divide 894762046?
False
Is 73 a factor of 24689720?
False
Is 5087 a factor of 1073642287?
False
Is 69320741 a multiple of 82?
False
Is 189075418 a multiple of 4467?
False
Is 514334953 a multiple of 11?
True
Is 81034 a multiple of 10?
False
Is 140741060 a multiple of 11?
False
Is 59 a factor of 470121853?
True
Does 24 divide 33351323?
False
Is 6 a factor of 311421803?
False
Is 1997771359 a multiple of 204?
False
Is 5 a factor of 19176638?
False
Does 803 divide 137306028?
False
Is 2599809 a multiple of 3?
True
Does 911 divide 2164795150?
False
Is 56 a factor of 1494134208?
True
Does 944 divide 43268366?
False
Is 125666996 a multiple of 1252?
True
Is 6005 a factor of 1243451415?
False
Is 3758 a factor of 102063522?
True
Is 37892198 a multiple of 30?
False
Is 543158778 a multiple of 961?
False
Is 70109445 a multiple of 217?
True
Is 7 a factor of 1196155?
False
Is 49497546 a multiple of 266?
True
Is 192 a factor of 2602291?
False
Is 357 a factor of 69701751?
True
Is 45978037 a multiple of 574?
False
Is 1184 a factor of 83248224?
True
Is 350266851 a multiple of 5136?
False
Is 88570455 a multiple of 1158?
False
Does 202 divide 56600726?
False
Is 10 a factor of 528288654?
False
Does 5 divide 2015840?
True
Does 17 divide 3715644267?
False
Is 227615131 a multiple of 333?
False
Does 6678 divide 432885107?
False
Does 302 divide 1093557100?
True
Is 1066237722 a multiple of 594?
True
Does 76 divide 828059292?
Tr